+ 36 + 3 = 3*m. Calculate the greatest common factor of m and g.
9
Let w(h) = -3*h**3. Let n be w(-1). What is the greatest common divisor of n and 27?
3
Let i(g) = 5*g - 5. Let q = -2 - -7. Let d be i(q). Suppose -4*j + 2*j + d = 0. Calculate the highest common divisor of j and 80.
10
Suppose -d + 2*d = 4. Suppose -4*c = -4*p - p - 522, 524 = 4*c - d*p. What is the greatest common divisor of c and 19?
19
Let w be -1 + (5 - (2 + -1)). Let n = w - -5. Suppose n = g - 13. What is the greatest common factor of g and 3?
3
Let h(o) = o**3 + 4*o**2 + 2*o + 3. Let u be h(-3). Let n = 40 - 68. Let f = n + 76. Calculate the greatest common factor of u and f.
6
Let c = 7 + -7. Let y be (14 - -1) + c + -3. Calculate the highest common factor of y and 18.
6
Let u = 12 - 9. Suppose -h = 2*b - 6*h + 17, -b - u*h = -19. What is the highest common divisor of b and 2?
2
Let b(q) = -37*q**2. Let t be b(-1). Let r be 4/(-8)*(t - -1). Suppose 0 = 2*m - 5*m + 54. What is the highest common factor of r and m?
18
Let l = -31 - -49. Calculate the highest common factor of l and 27.
9
Let o(k) = -k**2 - 9*k - 2. Let i be o(-3). What is the highest common factor of i and 16?
16
Suppose -2*g = -5*a + a + 12, 2*a = 2*g + 8. Suppose 3*z + 24 = 7*z. What is the highest common factor of z and a?
2
Suppose o = -3*d + 61, o - 4*o + 175 = 5*d. What is the highest common divisor of 5 and o?
5
Let n = -7 + 10. Let w be (n/(-1) + 3)/(-1). Suppose w = v - 6*v + 25. Calculate the greatest common factor of 40 and v.
5
Let x = 56 + -43. What is the greatest common factor of x and 91?
13
Let y be 1 + 0 + (-21)/3. Let b(n) = -5*n - 3. Let w be b(y). Let p = 3 + w. Calculate the greatest common factor of 6 and p.
6
Suppose -104 + 14 = -6*c. Let s be (1 + 5)/((-4)/(-10)). What is the highest common factor of s and c?
15
Suppose 2*w - 312 = -w. Let y be (65/(-15))/((-4)/12). Calculate the greatest common factor of w and y.
13
Let t be (0 - -1) + 6 + -5. Suppose -t + 30 = 4*i. Let a be 65/9 - 2/9. What is the greatest common factor of i and a?
7
Let p be 2 + (3/1)/1. Suppose -220 - p = -3*x. Suppose 2*o = x + 13. What is the highest common factor of o and 4?
4
Suppose -3*o = -3*t + 21, t = 4*o - 2*o + 16. Let p be -2 + o/2*-4. Let l = -3 + 43. What is the greatest common factor of l and p?
8
Suppose u - 8 = 3*f, -u - f - f = 7. Suppose 4*c = -c - 80. Let q = u - c. Calculate the highest common divisor of q and 165.
15
Suppose -4*x + 40 = w, 2*w + x + 2*x - 75 = 0. Suppose -2*r + 4*r + 58 = 0. Let d = r - -53. Calculate the highest common divisor of w and d.
12
Let h = 31 + -19. What is the greatest common factor of h and 3?
3
Let u be 2/(4*3/126). Let r = u + -17. What is the highest common factor of r and 6?
2
Let w(n) = -4*n - 9. Let d be w(-6). Let i(o) = 23*o**2 - o. Let g be i(2). What is the greatest common factor of d and g?
15
Let q = -1 - -2. Suppose -u - q = -0*u. Let n be ((-1)/2)/(u/8). Calculate the highest common divisor of 2 and n.
2
Let p be (-5)/7 - 6/21. Let i = 4 + p. Calculate the highest common divisor of 24 and i.
3
Suppose 4*b - 14 - 2 = 0. Calculate the greatest common factor of b and 16.
4
Let k be 53/3 - (-2)/6. Suppose -5*p - 20 = 0, -c + 97 = -2*p - 15. Let x = c + -59. What is the greatest common divisor of x and k?
9
Suppose -13 + 5 = -4*l. Let h be 111/15 + l/(-5). Suppose 4*q + h = 31. Calculate the greatest common divisor of 2 and q.
2
Let x(n) = 5*n**2 - 2*n - 1. Let y be x(3). Calculate the highest common divisor of 19 and y.
19
Let d(t) = t**2 + 5*t + 11. Let y be d(-6). What is the greatest common factor of 68 and y?
17
Let k(z) = 3*z**2 + z - 12. Let j be k(-7). What is the greatest common divisor of j and 32?
32
Let b be (-1 + 1 + 5)*1. Suppose 5*h + 90 = b*y, -5*y + 54 = 2*h + 2*h. Calculate the highest common factor of y and 126.
14
Suppose 0 = 2*i + 3 - 9. Suppose -2*f - i*f = 0. Let s be ((0 - -1) + f)*23. Calculate the highest common divisor of s and 253.
23
Let s = 33 + -21. Let v = -1 + s. What is the highest common factor of v and 55?
11
Let s(q) = -q**2 + 9*q - 10. Let v be (-7)/1*2/(-2). Let u be s(v). Let i be 26*(2/u - 0). What is the greatest common divisor of 26 and i?
13
Suppose 2*t = -4*d + t - 18, 5*d + t = -23. Let n(b) = 7 - 5*b - 22*b**2 + 21*b**2 - b. Let h be n(d). What is the greatest common divisor of h and 8?
4
Suppose 4*z = a - 5*a + 20, a - 2 = 0. What is the greatest common divisor of z and 9?
3
Suppose 2*c = 3*c - 45. Suppose 4*z - 5*x = 1 + 4, -3*x = 3. Suppose z*t = -3*t + 45. Calculate the greatest common factor of c and t.
15
Suppose 2*u - j - 22 = 0, -5*u = -2*u + 2*j - 47. Calculate the greatest common divisor of 65 and u.
13
Let f be (5/((-20)/(-8)))/(8/52). What is the greatest common divisor of f and 39?
13
Let u be (-1)/((-76)/(-24) - 3). Let a be 2/(4/(-27))*u. What is the greatest common divisor of a and 9?
9
Let t = 27 + -9. Let s(j) = j**3 + 6*j**2 + 2*j + 3. Let y be s(-4). What is the greatest common factor of y and t?
9
Suppose 8*l + 3*g - 43 = 3*l, 4*g = 5*l - 36. What is the highest common factor of l and 8?
8
Suppose -4*l = -3*d + 11, -l - 5 = -5*d + 3*l. Let c be 7*(-1)/(d - -2). What is the greatest common divisor of 7 and c?
7
Suppose b + 4*i - 8 = -3*b, 5*b - 10 = -4*i. Suppose -b*x + 66 = -0*x. What is the highest common factor of x and 11?
11
Let k be (-3)/(-5) + (-36)/10. Let q = k + 15. Calculate the greatest common divisor of 12 and q.
12
Suppose -3*o + u = -37, -59 = -5*o + 2*u + u. Suppose -67 = -4*q - 5*i, -5*q - 5*i + 79 + 1 = 0. Calculate the highest common factor of q and o.
13
Suppose t - 34 = -2. Let r be ((-3)/(-12))/(4/t). What is the greatest common divisor of r and 5?
1
Let w = -70 - -127. What is the highest common divisor of w and 38?
19
Let i be ((-24)/(-56))/((-1)/(-7)). Let m be 46/3 - (-2)/(-6). What is the greatest common divisor of m and i?
3
Let j = 344 + -236. Calculate the greatest common factor of 12 and j.
12
Let s = 30 - 29. Suppose -4*z + 5 - s = 0. Calculate the highest common factor of 1 and z.
1
Suppose 4*j - 10 = 2. Let t(u) = -u - 2*u + 5*u**2 + 2 - 2. Let c be t(j). What is the highest common divisor of c and 4?
4
Let f = 1 + 4. Let p(i) = i**3 - 6*i**2 + 4*i + 5. Let c be p(f). Suppose c = -4*y - y + 420. What is the greatest common divisor of 12 and y?
12
Suppose 0 = -r - 2 - 6. Let j be r/(-44) + 920/22. Let h(f) = -4*f - 6. Let p be h(-5). What is the greatest common divisor of p and j?
14
Let v = 12 + 8. Let i be 6/(33/9 - 3). Suppose s = 1 + i. What is the greatest common divisor of s and v?
10
Suppose t = -2*t + 126. What is the greatest common factor of t and 14?
14
Let o(p) = p**2 + 5*p + 5. Let g be o(-5). Suppose u = -2*r + 46, -r + 3*r + g*u - 54 = 0. What is the greatest common divisor of 33 and r?
11
Suppose 0 = -7*u + 4*u + 42. Calculate the greatest common factor of 7 and u.
7
Let f(w) = -w**2 - 6*w + 14. Let i be f(-7). Calculate the highest common divisor of 7 and i.
7
Let b = 13 + -7. Let i(l) = 2*l**2 - 5*l - 7. Let w be i(b). Let z = w + -18. Calculate the greatest common divisor of z and 153.
17
Let c be 4*21/4*2. Suppose -3*g = -2*a - 11 - 4, -4*a + 4*g - 20 = 0. Suppose f + a*f = c. Calculate the highest common factor of 6 and f.
6
Let c = 11 + -13. Let o be 27/(-3)*2/c. What is the highest common factor of o and 45?
9
Let c = 189 - 471. Let y = 422 + c. What is the greatest common divisor of y and 20?
20
Suppose 1096 = 4*o + 4*r, o + 3*r + 122 - 404 = 0. Calculate the greatest common factor of 30 and o.
30
Suppose 14 = 3*r - 13. Let y(g) = 4*g**2 - 5*g + 10. Let x be y(-5). Suppose 0 = 4*o - 117 - x. What is the highest common divisor of r and o?
9
Let k be (-7)/(-7) + (-15)/(-1). Suppose 0 = -5*h + 2*f + f + 46, -4*f + 8 = 2*h. Calculate the highest common divisor of k and h.
8
Let o be 110/25*15/6. Let v = 65 - 32. What is the greatest common factor of o and v?
11
Let h be (-94)/(-6) - 1/(-3). Suppose k + 3*m = 55, -2*k + 160 = -2*m + 26. What is the greatest common factor of k and h?
16
Let i = 83 - 59. What is the highest common divisor of i and 216?
24
Suppose 2*o + 123 = 5*o. What is the highest common factor of o and 246?
41
Let y = -40 - -130. Calculate the highest common divisor of 30 and y.
30
Let t = 73 - 71. What is the h